3
Let f = 4 - 8. Let k be (-18)/f + 3/(-6). Suppose 125 = 3*y - k*b + 37, -y + b + 29 = 0. What is the tens digit of y?
2
Suppose 0 = -c - 2*k + 58, 2*c = 3*k + 68 + 13. Let x be -129*(-4)/c*-4. What is the units digit of (x - -6)*(-2)/2?
7
Suppose 2 = -3*v - 7. Let c(f) = -6*f + 4*f + 4 - 2*f. What is the units digit of c(v)?
6
Suppose 3*m = 3*o + 2*m - 353, o = 3*m + 123. Suppose -2*c + 3*c - o = -4*z, 2*c + z = 227. What is the units digit of c?
3
Let s be ((-3)/(-4))/((-15)/(-40)). Suppose -s*w - 25 = -7*w. What is the units digit of (0 + -5)*(-24)/w?
4
Let j = -7 + 76. What is the units digit of j?
9
What is the tens digit of -4 + 608 - (-15)/5?
0
Suppose -1242 - 26 = -4*a. What is the units digit of a?
7
Suppose 2*f - 21 = -3. Suppose -11 = -2*v + 15. Suppose -f*x + v*x = 32. What is the units digit of x?
8
Let t(b) = -b**3 + 5*b**2 + 7*b + 1. Suppose 0 = -4*i + k + 24, 2*i + k + 12 = 4*i. Let f be t(i). Suppose -2*c + f = -c. What is the units digit of c?
7
Let z(a) be the second derivative of -4*a**2 - 5*a - 5/6*a**3 + 0. What is the tens digit of z(-6)?
2
Suppose 0 = -10*v + 11654 + 17066. What is the hundreds digit of v?
8
Let f(r) be the third derivative of r**4/12 - 2*r**3 + r**2. Let o be f(6). Suppose 4*i - 3 - 21 = o. What is the units digit of i?
6
What is the units digit of 0 + (-63276)/(-57) - (-34)/(-323)?
0
Suppose -36*v = -38*v + 72. What is the hundreds digit of 4 + v/(-8) + 273/2?
1
Let a be -16 + 0/1 + 1. Suppose -9*y = 8*y - 646. Let m = a + y. What is the units digit of m?
3
Suppose 5*x - 28 = x. Suppose 5*t + 5*j - x = 4*t, -j + 1 = 0. Let u(f) = 3*f - 3. What is the units digit of u(t)?
3
Let q = 375 + -92. What is the units digit of q?
3
Suppose 0 = -4*y - 2*s + 52, y - 6 = -5*s + 16. What is the units digit of y?
2
Let h(j) = j**2 - 24*j + 44. Let w be h(23). Suppose 2*s = 4*f - 24, -5*s - 34 - 6 = -5*f. Let o = w + f. What is the tens digit of o?
2
Let j(p) = -5*p + 3*p - 1 - 15*p. Let k be j(-2). Let c = 79 - k. What is the units digit of c?
6
Let q = 1397 + -712. What is the tens digit of q?
8
Suppose -p - 3*q = 76, 4*q - 176 = -p + 4*p. Let z = p + 86. What is the units digit of z?
2
Let j = -8 - -10. Suppose -c - w = -70 - 7, j*c - 163 = w. What is the tens digit of c?
8
Let b(c) = -c**3 - 6*c**2 + 9*c - 5. Let i be b(-7). What is the units digit of (-1 - i)/((-3)/(-8))?
8
Let d = 502 + 581. What is the hundreds digit of d?
0
Suppose -3*w + 20 + 103 = 0. Let z(q) = -2*q - 38. Let f be z(-32). Let g = w - f. What is the units digit of g?
5
What is the units digit of (-16)/(-12)*1/(-4)*-1086?
2
Let o(q) be the third derivative of q**5/60 - q**4/8 - q**3/2 - 4*q**2. Let f be o(5). Suppose -81 = -f*a + 4*a. What is the units digit of a?
7
Let l(n) be the first derivative of 2*n**3/3 - 2*n**2 - 6*n - 15. What is the units digit of l(6)?
2
Let k(h) = 16*h**2 - 3*h + 5. Let w = -17 + 19. What is the units digit of k(w)?
3
What is the thousands digit of (-390610)/(-159) + 6/(-9)?
2
Let w be 17 + 1 - (1 + -3). What is the units digit of 7/(-3)*(-420)/w?
9
Suppose 0*s = -5*z - 3*s + 64, 2*z + 3*s - 22 = 0. Let n(h) = -2 - 6 - 38*h + z*h. What is the units digit of n(-3)?
4
Let q = -33 + 38. Suppose -q*a + 31 = -129. What is the tens digit of a?
3
Suppose -3*z = -4*z + 2. Suppose 0 = 2*n + 4*k - 254, -z*n + 0*k + 278 = -2*k. What is the tens digit of n?
3
Suppose -308 = -3*m + 4*y + 481, 4*y - 1024 = -4*m. Suppose -m - 57 = -4*x. What is the units digit of x?
9
Let p = 2301 - 1617. What is the hundreds digit of p?
6
Let z = 540 + -369. What is the hundreds digit of z?
1
Suppose -8*o + 390 = -554. What is the units digit of o?
8
Let p(k) = -k**3 - 2*k**2 + 2. Let f be p(-2). What is the tens digit of (1/f)/((-5)/(-370))?
3
Let q = -826 - -1500. Suppose -4*o - 558 + 147 = -3*l, -3*o = -5*l + q. What is the tens digit of l?
3
Suppose -4*r + 5*r + 13 = 0. Let k = r - -5. Let p = 25 - k. What is the tens digit of p?
3
Let f(d) = -3*d**3 - 3*d**2 + 15*d + 46. What is the units digit of f(-7)?
3
Suppose 0*l - 8 = 2*l. Let p be -3 - l - -1*55. Suppose 5*s - 39 - p = 0. What is the tens digit of s?
1
Let b be (-127 - 0)*1 - 2. Let g = b + 244. Let y = g - 60. What is the tens digit of y?
5
Let v = 4031 - 2890. What is the units digit of v?
1
Let k(c) = -2*c**3 + 35*c**2 - 8*c - 6. What is the units digit of k(7)?
7
Let b be -5 - -1*(4 - 3). Let g = -4 - b. Suppose p + 2*r = -3*p + 72, g = 4*p + 4*r - 68. What is the tens digit of p?
1
Suppose -5*z + 2*k + 3980 = -3*k, -4*k + 3192 = 4*z. What is the units digit of z?
7
Let j = 162 - 114. Let b = 98 - j. What is the tens digit of b?
5
Let x(d) = -4*d**2 + 3*d + 1. Let r be x(3). Let s be -4 - (-6 + 2) - r. Let a = -14 + s. What is the tens digit of a?
1
Suppose -n - 6 + 2 = -m, n = 5*m - 16. Suppose -m*j = 3*z - 186, 0*j + 3*j = z - 74. What is the units digit of z?
5
Let u(z) = 23*z**2 + 4*z + 2. Let k be u(-3). Let m = 94 - 217. Let p = m + k. What is the tens digit of p?
7
What is the units digit of (-3 + 1)*104/(-32)*74?
1
Let l(y) = y**2 + 2*y + 406. What is the tens digit of l(0)?
0
Suppose 3*m - 28*a + 27*a = 1475, -2*m + 984 = -a. What is the hundreds digit of m?
4
Suppose -9 = 5*b - 19. Let o be 19 + (2 - b - 1). Let s = o - 15. What is the units digit of s?
3
Suppose 2*f - 7*f = -2*a + 810, -a + f = -411. What is the hundreds digit of a?
4
Let c(r) = -29*r - 2. Let z(f) = f. Let u(y) = c(y) + 6*z(y). What is the units digit of u(-3)?
7
Suppose -8 = 4*z + 4, -x - 2*z - 19 = 0. Let j(n) = n**3 + 13*n**2 - 8*n - 19. What is the units digit of j(x)?
5
Suppose -2*y - 4 = -4*h, -4 = -h - h. Let t(m) = 63*m + 1. Let p be t(y). Suppose -3*x + 62 + p = 0. What is the tens digit of x?
6
Let v = 117 + 124. Let s = v + -116. What is the hundreds digit of s?
1
Let w = 21 - 16. Suppose -2 = w*a - 22. What is the units digit of a?
4
Let t(n) = -n**2 - 4*n**3 + 20 + 5*n**3 + 11 + n. Suppose 0 = -c + 6*c. What is the tens digit of t(c)?
3
Let w(l) = l**2 + 5*l - 9. Let h(c) = -c + 5. Let n be h(12). Let r be w(n). What is the units digit of r/(40/(-18))*-4?
9
Suppose 4*a = 3*l - 194, -l + a = l - 121. Suppose -4*n = -26 - l. What is the units digit of n?
1
Let u be 2 + 2 + (1 - 1). Suppose x + 0*z + z = 7, 0 = 5*x + u*z - 33. Suppose 2*k - 19 = x*w, k + 3 + 4 = -3*w. What is the units digit of k?
2
Suppose -9*x + 13*x = 0. Let q = x + -4. What is the units digit of (q + 0)*86/(-8)?
3
Let f(g) = 13*g + 51. What is the hundreds digit of f(20)?
3
Let g(y) = 53*y**2 + y - 31. What is the hundreds digit of g(5)?
2
Let u(c) = -2*c**3 - 11*c**2 - 10 + 3*c**3 - 39*c + 49*c. What is the tens digit of u(11)?
0
What is the hundreds digit of 5 + (5217 - 2)/5?
0
Let p = 2 - -3. Suppose 5*l + p*u - 103 = 147, -l + 51 = 2*u. Let z = l - 27. What is the units digit of z?
2
Let n(k) = -434*k - 1. Let c be n(1). Let i = c + 637. What is the tens digit of i?
0
What is the units digit of (-317952)/(-80) + (-4)/10 + 0?
4
Suppose 9*h - 72 = h. What is the units digit of h?
9
Let t be (1 - 2) + 0 + 5/(-1). Let r(a) = -26*a - 8. What is the units digit of r(t)?
8
What is the hundreds digit of 93*(-200)/(-90)*(-9)/(-6)?
3
What is the hundreds digit of (2/3 - (-2036)/(-12))*-6?
0
Let f(v) = -7*v**3 - 6*v**2 + 11*v + 15. Let u(m) = 2*m - m**2 - 3*m**3 - 2*m**2 + 4*m + 7. Let r(d) = -2*f(d) + 5*u(d). What is the tens digit of r(-5)?
1
Suppose 107*x - 20195 = 102*x. What is the thousands digit of x?
4
Let v(d) = -d - 4. Let f be v(-7). Suppose -f*x = 3, -4*x = 5*n - 0*x - 16. Suppose 0*k = n*k - 100. What is the tens digit of k?
2
Let s = -17 - -29. Suppose -2*q - 2*q + s = 0. Suppose 4*k = -l + 43, -q*l = -2*k - 89 + 30. What is the units digit of l?
3
Suppose 4*m - 1191 + 55 = -3*d, 2*m - 1498 = -4*d. Suppose -d = -5*z - 4*n, -4*z - 2*n = 3*n - 303. What is the tens digit of z?
7
Suppose 48*y = 44*y + 1112. What is the tens digit of y?
7
Let r = 36 - 111. Let c = 156 + r. What is the units digit of c?
1
Let t be 350/(-12) - (-8)/48. Let n(l) = -l**3 - 14*l**2 - 11*l + 18. Let p be n(-13). Let s = p - t. What is the units digit of s?
1
Let p = 104 - 198. Let f = -17 - p. What is the tens digit of f?
7
Let f(n) = 2*n - 32. Let t be f(9). What is the units digit of t/((-16)/88 + 24/(-110))?
5
Suppose 0*h - 14 = 